17 + (15 - (1 + 5)).
-8
-4 - (-1 + -4 + 1)
0
6 - (1 + 3) - (1 + -1)
2
What is the value of 7 + 0 + 0 + -5 + 3?
5
Evaluate 5 + 4 + -4 - -2.
7
Evaluate 3 - 2 - (12 + -9) - 3.
-5
Evaluate (0 - -1) + (13 - 11).
3
(13 - (-7 + 6)) + -6 + -2
6
Calculate -3 + (6 - 8 - -4).
-1
Calculate 7 + -2 + (12 - 23).
-6
Calculate -15 + 21 - (2 - 0 - -2).
2
Evaluate 53 + -49 + (-1 - -5).
8
What is 3 + (-1 - -1) + -1 + -5?
-3
1 + 1 + -3 + -3 + 5
1
Evaluate -11 + 1 - (-152 - -142).
0
What is the value of 60 + -69 - (1 + -10)?
0
-2 + 2 + -1 + 5 + 3
7
-7 + 7 + (3 - 2)
1
What is (4 - (-6 + 7)) + -10 + 11?
4
What is the value of -4 - (-4 - -1 - (1 + -3))?
-3
Evaluate -11 - (-1 + -16 + 9).
-3
Calculate -9 + (19 + -2 - 3).
5
Calculate -13 + 15 + 7 + -13.
-4
What is the value of 16 + -10 + (1 - 4) + -5?
-2
What is 11 + -26 + 17 + 0?
2
Calculate 4 + -11 - -6 - -5.
4
Calculate 4 + (2 - 14) + 5.
-3
Evaluate -8 + (0 - -1 - -6) + -6.
-7
Calculate -27 - -36 - (3 - -2).
4
Evaluate (11 - (-5 + 6)) + -6.
4
(4 - 6) + 8 - 1
5
Calculate 5 + (-5 - 0) + 5.
5
What is the value of -3 - (1 + -9 + 6)?
-1
Calculate -10 + (0 - -9) - -3.
2
What is (3 - 1 - -2) + -6?
-2
What is (0 - -1) + -4 - 1 - 1?
-5
Evaluate -1 - ((1 - 0) + (3 - 11)).
6
Evaluate -1 - (-5 - -4) - 0.
0
What is -4 + (-3 - -2) + 3 + -2?
-4
Calculate -12 + 10 - (0 - -3).
-5
Calculate (-1 - (-8 + 1)) + 2 + -4.
4
Calculate (-6 - (-11 + 2)) + (1 - 10).
-6
(-16 - -21) + 1 + -5
1
3 - 3 - (6 - 8)
2
Calculate (-2 - (-5 - -2)) + 3 - -1.
5
Calculate (-1 - -1) + (29 - 3 - 34).
-8
(-6 + -3 - -14) + -12
-7
Calculate (5 - 0) + (-14 - -8).
-1
What is the value of (4 - (6 + 8)) + (2 - -2)?
-6
What is -4 + (1 - 5) + (-3 - -6)?
-5
Evaluate (3 - (-4 + 5 + 1)) + -5.
-4
What is the value of 25 + (-41 - -15) - (7 - 0)?
-8
Calculate 11 - (-2 + 8 - 1).
6
-3 + (1 - 4) + 2 + 2
-2
What is 1 - (1 + -3 + (-5 - -10))?
-2
Evaluate -8 - (6 - (4 + -1) - 6).
-5
1 - (3 - ((0 - 1) + 2))
-1
Calculate (13 - 6) + (0 - (2 + 0)).
5
What is 3 - (3 - -11 - (-12 + 19))?
-4
What is the value of 4 - (0 + 6 - 10)?
8
Evaluate 1 - (0 + 0) - (8 + -9).
2
What is -1 + 0 - ((-5 - -11) + -10)?
3
Evaluate (-20 - -24) + 1 + -2 + 0.
3
-2 + -3 + (-1 - -10)
4
What is the value of 1 + -2 + 0 + 1?
0
3 - ((6 - 2) + -1)
0
What is (8 - (-9 + 22)) + 8?
3
Evaluate 0 + (5 + -3 - (1 - 2)).
3
Evaluate 0 - (0 + 2 + 15 + -19).
2
Evaluate ((-10 - -5) + -2 - -15) + -6.
2
-4 + -5 + 10 + 4
5
(11 - (0 + 3)) + -7
1
What is (7 + -3 - 4) + (-3 - -2)?
-1
What is -10 - -16 - (-1 - -2 - -1)?
4
Evaluate 4 + -4 + 0 - (0 - -1).
-1
-2 + (-11 - -7) + 3
-3
What is the value of 6 - (8 + -2) - (1 + -2)?
1
What is 8 + -25 + -15 + 29?
-3
What is 12 - (2 + (4 - -10))?
-4
-2 + -3 + 13 + -4
4
-2 - -1 - (5 + -8 + 2)
0
Evaluate -63 + 78 - (-1 - -14).
2
What is (14 - 1 - 9) + 1 + -4?
1
Evaluate -4 + (4 - -4 - 4 - -5).
5
Evaluate -7 + -5 + 9 + -3 - -1.
-5
What is the value of -49 + 50 - (2 + -2)?
1
Calculate (25 - 21) + -1 + -5.
-2
What is -7 - (-2 + 2 - (7 + -6))?
-6
What is the value of -11 - -3 - ((-12 - -6) + 6)?
-8
What is 14 + -5 + -8 + 1?
2
(6 + 1 - -2) + 3 + -7
5
What is (-2 - -4) + -3 + -1 - -2?
0
Calculate 3 - (22 - 12 - 11).
4
What is -2 + -4 + -7 + 5?
-8
9 + (-17 - -8) - (2 + -2)
0
What is 4 + 4 + -14 + -4 + 1?
-9
What is 2 + (9 - 5) + -5 + 2?
3
Calculate -1 + (-1 - (5 - (-1 + 3))).
-5
What is the value of -8 - (7 + -19 + -1)?
5
61 + -57 - (-4 + 1)
7
What is -1 - 4 - -4 - 3?
-4
Calculate -1 + -1 + (-4 - -2).
-4
2 + -4 + 13 + -6
5
Evaluate (12 - (-10 + 20)) + -5.
-3
What is 1 - (2 + -1 + (-3 - -2))?
1
Evaluate 0 - (7 - 7 - (2 - 7)).
-5
Evaluate -1 - 0 - (-2 - (4 - 1)).
4
Evaluate 8 + (2 - 4) + -11 + 10.
5
Calculate -1 + (1 + 2 - (-2 + 3)).
1
(9 + -6 - (4 + -7)) + -2
4
What is the value of (-6 - -12 - 5) + -3?
-2
What is -7 + 4 - (1 + 1)?
-5
What is (-1 - 3 - -7) + -2?
1
What is 4 - (-4 - (2 + -5))?
5
0 + (-3 - -5) + -1
1
8 + (-14 - -8 - -6)
8
Evaluate -5 + -7 + (10 - (-1 + 5)).
-6
What is the value of 5 + -5 + (-6 - -1)?
-5
Calculate 3 - (7 - (0 - -1 - -2)).
-1
Calculate -9 - (0 + -5 + -3).
-1
Evaluate -1 - (-10 - -5 - -2).
2
What is the value of 3 + 4 + -3 + -8 + -2?
-6
What is (-1 + 1 - (-17 - -11)) + 1?
7
Calculate (0 - (3 + -3 - 0)) + -3.
-3
What is the value of (18 - 7) + -6 - (0 - -9)?
-4
Evaluate -3 + 5 - ((5 - -5) + -6).
-2
Calculate 2 + -4 + (-1 - (-6 + -2)).
5
What is the value of 3 + (5 - (1 - -3))?
4
What is -36 + 37 - (-6 - (3 - 3))?
7
Calculate -8 + 5 + -7 + 4.
-6
5 - 4 - (-4 + 8)
-3
2 - 1 - (17 - 13)
-3
-1 - (-4 - 1 - -1 - -6)
-3
What is 4 + -11 + 1 - -4 - 3?
-5
Evaluate -10 + -1 - (-5 + -5 - -6).
-7
Calculate 2 - ((0 - -4) + (4 - 9)).
3
What is the value of -10 - (1 + -6 + -1)?
-4
What is the value of 1 - (2 + -7 + 5 + 0)?
1
Evaluate 215 + -213 - (1 - 0).
1
Calculate 6 + (-10 + (7 - 5) - -4).
2
Calculate (1 - (9 + -4)) + -2 - -3.
-3
Calculate 2 - ((-1 - 1) + 4).
0
What is -6 + -2 + 16 + -5?
3
What is the value of -6 + 11 + (5 - (4 - 2))?
8
Evaluate 6 - 13 - (-2 - -1) - -1.
-5
Evaluate 11 + (7 + -12 - -1).
7
-1 + -2 - (0 + -1) - 0
-2
What is the value of -4 - (2 + -2) - -9?
5
Evaluate -8 - (-4 + -7 - 0).
3
What is 7 + (-2 + -2 - (-19 + 17))?
5
Calculate 11 + -12 - (2 - -1).
-4
Evaluate 1 + 2 + 3 + -1 + -2.
3
What is 2 + 1 - (29 + -24)?
-2
What is (-2 - -2) + -7 + (-8 - -15)?
0
-18 + 7 + 1 + 5
-5
What is the value of (2 - 1) + 2 - (8 + 0)?
-5
3 + -4 + 5 - (-3 + 3)
4
What is 1 + 0 - (5 + 3 + -4)?
-3
-2 + (-3 - ((3 - 2) + -2))
-4
Evaluate -4 + (-1 + 4 - (-10 + 4)).
5
Calculate (1 - -2) + 13 + -19 + 6.
3
-5 + (7 - (6 - 3))
-1
Evaluate -1 + 0 + -1 + 5.
3
Evaluate (2 - (1 - -3)) + 19 + -14.
3
What is the value of (6 - 6 - 6) + 4?
-2
What is the value of 1 + 7 - ((16 - 27) + 16)?
3
Calculate 1 + -6 + (3 + 6 - 9).
-5
What is -12 + 2 + 2 - -4?
-4
Evaluate -4 + 6 + (0 - -2) + 1.
5
-2 + (0 + -6 - -3) + 4
-1
Evaluate -2 - (0 - -5 - 4).
-3
Evaluate 3 + (2 - -1) + -4.
2
What is (-4 - ((2 - 4) + 3)) + 2?
-3
-1 + -3 + 9 + -3
2
Evaluate 9 + -13 - (-6 - -1).
1
Evaluate (9 - (4 + -1 - -2)) + -6.
-2
Calculate 4 + -5 - (8 + 4 + -6).
-7
What is 4 + -3 + 4 + -4 + 1?
2
What is the value of (-16 - -19) + (4 - 5)?
2
Calculate -1 + 9 + -5 - 4.
-1
Calculate (-2 - 3 - -7) + (1 - -2).
5
(-2 - (-1 - 1)) + -3
-3
Calculate (-3 - (-7 - (5 - 17))) + -1.
-9
Evaluate (4 - (7 + 7)) + 11.
1
What is 3 + 1 + -2 + -8 + 2?
-4
1 + 9 + -2 + -5
3
What is -2 + 2 + 0 - (-6 - -5)?
1
What is the value of -7 + 4 + -2 + 2?
-3
Calculate 4 + (-7 - -5) + -3.
-1
Evaluate 1 + (1 - -4) + -7.
-1
Evaluate (5 - 4) + 1 + -3.
-1
Calculate 7 + -4 + 5 + -5.
3
Calculate (0 - (-4 - -3)) + -8.
-7
Evaluate -7 - (-2 - 5 - -2).
-2
What is the value of -2 - (-9 + 4 - (0 - 1))?
2
What is the value of (3 - -1) + (-98 - -88)?
-6
Evaluate 7 - (9 + (-1 - 3)).
2
Evaluate (3 - -2) + 62 + -75.
-8
-1 + (-6 - -6 - (-3 - -4))
-2
What is the value of 0 - 1 - (-7 + 3)?
3
Calculate -1 + 2 + 3 - 12.
-8
What is -2 + (10 - 6) + -11 - -6?
-3
-4 + 4 + 3 - 1 - 3
-1
35 + -26 - (2 + 9)
-2
What is the value of (10 - 1 - 1) + -11 + 7?
4
1 - ((1 - (0 + 2)) + 2)
0
What is the value of 9 + (-20 + 16 - (-1 - -1))?
5
(8 - 8 - 14) + 22
8
What is the value of 2 + 4 + (-1 - 2) + -6?
-3
Calculate 0 + 4 - (-4 - -5) - 8.
-5
What is the value of 3 + -7 - 0 - -1?
-3
Evaluate 5 + -10 - (-2 + -2 + 0).
-1
-5 - (-2 - (-1 - 0))
-4
-3 + 11 + -2 + -3
3
What is -53 + 56 - (-5 - -1)?
7
What is the value of -19 + 13 + (7 - 0)?
1
What is 5 - 6 - (3 + (-4 - 2))?
2
What is -1 - -4 - (-3 + 5) - -3?
4
Calculate -1 + -4 + 14 + -14 + -3.
-8
Evaluate 10 - (-3 - -6) - 1.
6
Evaluate -11 - (11 + -2 + -22).
2
What is the value of 6 - (5 + 3 + -7)?
5
What is the value of (-8 - 2) + -3 + 7?
-6
Evaluate (0 - -2) + 25 + -17.
10
(-15 - -7) + 11 - 8
-5
What is (14 - 1 - 14) + -4?
-5
-2 + 1 - (-2 + 4 + -3)
0
Calculate -4 - (5 + (0 - 4)).
-5
-4 + 0 + 17 + -10
3
0 - -4 - (-1 - (-7 - -5))
3
What is 3 + (-2 - (3 - 1)) - 3?
-4
0 + (0 + 0 - (2 - 0))
-2
-4 - 2 - (-1 - (0 - -2))
-3
Calculate (-2 - (1 + 0)) + -6 + 5.
-4
Evaluate -9 + 6 + -10 - (-11 - -4).
-6
What is the value of -2 + -1 + (0 + -1 - -4)?
0
What is -6 + (-3 - -5 - 0)?
-4
4 + (-2 + 1 - 6 - -2)
-1
Calculate -8 - (5 + -13 - 3).
3
Calculate -5 - (-6 - -1 - -4).
-4
Evaluate 2 - 1 - 0 - -1 - 4.
-2
(-8 - 2) + 12 + -1 + -4
-3
Evaluate 7 - 2 - ((-8 - -2) + 7).
4
What is -3 + (2 - 4)